 the remainder when 5812 is divided by 277?
272
What is the remainder when 4531 is divided by 4328?
203
What is the remainder when 3222 is divided by 14?
2
Calculate the remainder when 135256 is divided by 41.
38
What is the remainder when 4318 is divided by 74?
26
Calculate the remainder when 31938 is divided by 189.
186
What is the remainder when 72085 is divided by 59?
46
What is the remainder when 144521 is divided by 175?
146
Calculate the remainder when 449 is divided by 41.
39
What is the remainder when 21022 is divided by 6820?
562
Calculate the remainder when 16582 is divided by 23.
22
What is the remainder when 24587 is divided by 205?
192
Calculate the remainder when 441684 is divided by 585.
9
What is the remainder when 43766 is divided by 19?
9
Calculate the remainder when 11509 is divided by 101.
96
Calculate the remainder when 106070 is divided by 21.
20
Calculate the remainder when 725619 is divided by 710.
709
What is the remainder when 136707 is divided by 37?
29
What is the remainder when 2618 is divided by 1295?
28
Calculate the remainder when 257703 is divided by 18.
15
Calculate the remainder when 8059 is divided by 8049.
10
Calculate the remainder when 190083 is divided by 914.
885
Calculate the remainder when 98493 is divided by 49209.
75
What is the remainder when 12794 is divided by 28?
26
Calculate the remainder when 7192 is divided by 2547.
2098
Calculate the remainder when 19984 is divided by 46.
20
Calculate the remainder when 12493 is divided by 1395.
1333
Calculate the remainder when 15751 is divided by 61.
13
What is the remainder when 13982 is divided by 1398?
2
What is the remainder when 13539 is divided by 41?
9
What is the remainder when 75916 is divided by 75875?
41
What is the remainder when 6191 is divided by 40?
31
Calculate the remainder when 4065 is divided by 2014.
37
What is the remainder when 239990 is divided by 1212?
14
Calculate the remainder when 2452 is divided by 298.
68
Calculate the remainder when 16189 is divided by 415.
4
Calculate the remainder when 2613 is divided by 77.
72
Calculate the remainder when 561822 is divided by 67.
27
Calculate the remainder when 39518 is divided by 90.
8
Calculate the remainder when 3204 is divided by 24.
12
Calculate the remainder when 1880 is divided by 1869.
11
What is the remainder when 4554 is divided by 1066?
290
What is the remainder when 24552 is divided by 323?
4
Calculate the remainder when 68508 is divided by 303.
30
Calculate the remainder when 894215 is divided by 148.
147
What is the remainder when 22489 is divided by 22462?
27
What is the remainder when 31342 is divided by 304?
30
What is the remainder when 71395 is divided by 35628?
139
Calculate the remainder when 58942 is divided by 4533.
13
What is the remainder when 63062 is divided by 415?
397
Calculate the remainder when 5928 is divided by 101.
70
What is the remainder when 10186 is divided by 930?
886
Calculate the remainder when 1163604 is divided by 302.
300
Calculate the remainder when 31034 is divided by 68.
26
Calculate the remainder when 3424 is divided by 844.
48
What is the remainder when 937263 is divided by 242?
239
What is the remainder when 579165 is divided by 44?
37
Calculate the remainder when 23408 is divided by 11704.
0
Calculate the remainder when 2459733 is divided by 265.
3
Calculate the remainder when 92385 is divided by 454.
223
Calculate the remainder when 36500 is divided by 507.
503
Calculate the remainder when 352165 is divided by 50308.
9
Calculate the remainder when 9056 is divided by 1453.
338
Calculate the remainder when 87552 is divided by 152.
0
Calculate the remainder when 2199 is divided by 306.
57
What is the remainder when 5286 is divided by 26?
8
Calculate the remainder when 5209 is divided by 2598.
13
What is the remainder when 8890 is divided by 9?
7
Calculate the remainder when 15544 is divided by 5177.
13
What is the remainder when 45498 is divided by 5?
3
What is the remainder when 14694 is divided by 2189?
1560
What is the remainder when 2114 is divided by 301?
7
Calculate the remainder when 130757 is divided by 130722.
35
What is the remainder when 2402 is divided by 109?
4
What is the remainder when 48448 is divided by 9667?
113
What is the remainder when 351468 is divided by 48?
12
Calculate the remainder when 4230 is divided by 248.
14
What is the remainder when 29727659 is divided by 34?
31
What is the remainder when 125333 is divided by 121?
98
Calculate the remainder when 2386 is divided by 43.
21
What is the remainder when 80550 is divided by 424?
414
Calculate the remainder when 46226 is divided by 353.
336
What is the remainder when 16974 is divided by 15?
9
What is the remainder when 1678 is divided by 554?
16
What is the remainder when 12719 is divided by 67?
56
Calculate the remainder when 11320 is divided by 1613.
29
Calculate the remainder when 578910 is divided by 79.
77
Calculate the remainder when 6662 is divided by 429.
227
Calculate the remainder when 409120 is divided by 204530.
60
Calculate the remainder when 2748 is divided by 91.
18
What is the remainder when 645093 is divided by 19548?
9
Calculate the remainder when 772 is divided by 360.
52
Calculate the remainder when 1909 is divided by 103.
55
What is the remainder when 308549 is divided by 170?
169
Calculate the remainder when 7156 is divided by 79.
46
Calculate the remainder when 103956 is divided by 17324.
12
Calculate the remainder when 8307 is divided by 171.
99
Calculate the remainder when 12826 is divided by 229.
2
What is the remainder when 1324763 is divided by 49?
48
Calculate the remainder when 21890 is divided by 4374.
20
What is the remainder when 50943 is divided by 5091?
33
Calculate the remainder when 4556 is divided by 294.
146
What is the remainder when 18363 is divided by 427?
2
Calculate the remainder when 3479 is divided by 3460.
19
Calculate the remainder when 780 is divided by 34.
32
Calculate the remainder when 25698 is divided by 53.
46
What is the remainder when 81222 is divided by 75?
72
What is the remainder when 75735 is divided by 1993?
1
What is the remainder when 110539 is divided by 110529?
10
What is the remainder when 21492 is divided by 10?
2
What is the remainder when 929 is divided by 918?
11
Calculate the remainder when 70016 is divided by 52.
24
Calculate the remainder when 5257 is divided by 13.
5
What is the remainder when 4805 is divided by 184?
21
What is the remainder when 785 is divided by 78?
5
Calculate the remainder when 316065 is divided by 105339.
48
Calculate the remainder when 6448 is divided by 19.
7
What is the remainder when 26195 is divided by 7?
1
What is the remainder when 154508 is divided by 148?
144
Calculate the remainder when 8832 is divided by 1968.
960
What is the remainder when 40469 is divided by 440?
429
What is the remainder when 1606870 is divided by 2?
0
Calculate the remainder when 4317 is divided by 232.
141
What is the remainder when 30651 is divided by 1140?
1011
Calculate the remainder when 232613 is divided by 1007.
1003
What is the remainder when 833 is divided by 443?
390
What is the remainder when 2443 is divided by 24?
19
Calculate the remainder when 165510 is divided by 90.
0
Calculate the remainder when 1539 is divided by 1493.
46
Calculate the remainder when 12649 is divided by 97.
39
Calculate the remainder when 26901 is divided by 6.
3
What is the remainder when 26071 is divided by 64?
23
Calculate the remainder when 3192 is divided by 954.
330
What is the remainder when 14345 is divided by 4?
1
What is the remainder when 236699 is divided by 1409?
1396
What is the remainder when 5646 is divided by 2806?
34
What is the remainder when 1650675 is divided by 292?
291
Calculate the remainder when 10073 is divided by 4489.
1095
What is the remainder when 1501 is divided by 371?
17
What is the remainder when 3664 is divided by 738?
712
What is the remainder when 84883 is divided by 205?
13
What is the remainder when 13726 is divided by 234?
154
Calculate the remainder when 235594 is divided by 12.
10
Calculate the remainder when 52121 is divided by 119.
118
Calculate the remainder when 8363 is divided by 3989.
385
Calculate the remainder when 285 is divided by 197.
88
Calculate th